-6). Let w be (13/(-4))/(20/480). Let g = v - w. What are the prime factors of g?
5
Let n = 10 - 10. Suppose n = -7*f - 145 + 1321. What are the prime factors of f?
2, 3, 7
Let a be (-1 + -1 + 1)*5. Suppose -m = 3*o + 50, m = 6*m - 5. Let u = a - o. What are the prime factors of u?
2, 3
Let b = 1301 + 672. List the prime factors of b.
1973
Let h(j) = -536*j**3 - 4*j**2 - 16*j - 18. List the prime factors of h(-2).
2, 2143
Let f(v) = 13*v**3 - 2*v**2 - 2*v + 2. Let c be f(-2). Let q be (-28)/70 + c/10. Let b = q - -54. List the prime factors of b.
43
Let a(l) = -l**2 + 8*l + 13. Let s(z) = 5*z - 1. Let n be s(2). Let k be a(n). Suppose 3*m - 45 = 3*d, -m + 4*d = k*m - 70. What are the prime factors of m?
2, 5
Let f(k) = k**2 - 12*k + 14. Let b be f(14). Let p = b + -16. List the prime factors of p.
2, 13
Suppose -12*m = -42 - 6. Suppose y + m*h = -2*y + 96, 0 = 5*y - 2*h - 186. List the prime factors of y.
2, 3
Let o(f) = f**3 + 8*f**2 + f - 7. Let c be (-3)/8 - 1035/120. Let d be (-2 - c)*(-1 + 0). List the prime factors of o(d).
5, 7
List the prime factors of (-20 + 17)/((-3)/1208).
2, 151
Let d(f) = -7*f - 3. Let b be d(-1). Let g be b - -4 - 4 - -8. Let j = 12 + g. List the prime factors of j.
2, 3
List the prime factors of (-468)/(-81) - 6 - 5573/(-9).
619
Let p(m) = 64*m - 39. What are the prime factors of p(7)?
409
Let q be 8/24*(-1 - -7). Let m be (-97)/(-4) + 2/(-8). List the prime factors of (m/(-18))/(q/(-12)).
2
Suppose -34*b - 9972 = -46*b. What are the prime factors of b?
3, 277
Suppose 2*q + j = -127, j = -5*q - 212 - 110. Let d be (-9)/6 - q/2. Let a = 56 - d. List the prime factors of a.
5
Let z(g) = 35*g + 7. Let c be z(5). Suppose 3*q = 5*q - c. What are the prime factors of q?
7, 13
Suppose m - 4741 = 5*d, 81*m + 3*d = 79*m + 9417. List the prime factors of m.
2, 3, 131
Let u = -212 - -397. Suppose 0 = -5*z + 45 + u. What are the prime factors of z?
2, 23
Let z = -12 + 12. Suppose -4*g - 156 - 208 = z. List the prime factors of g/(-3) + 3/(-9).
2, 3, 5
Suppose 0*d - d - 5*b = -879, -b = -5*d + 4317. What are the prime factors of d?
2, 3
Let s = 282 + 567. What are the prime factors of s?
3, 283
Suppose 3*n + 13 = -2. Let k = n + 63. What are the prime factors of k?
2, 29
Suppose 2*b + 3*s - 665 = -2*s, 0 = -b + 4*s + 300. Let p = b + -207. List the prime factors of p.
113
Let t = -6 - 6. Suppose -8 = 7*f - 5*f. List the prime factors of (t/3)/(f/22).
2, 11
Let u = -6 + 7. Suppose -5 + u = -4*h. List the prime factors of 18 - ((3 - 6) + h).
2, 5
Let i be ((-3)/2)/(9/(-24)). Suppose -i*a + 10 = 2. Suppose a*h = -18 + 68. List the prime factors of h.
5
Let c be (-94)/(-12) - 8/(-48). Suppose -c*g - 6 = -10*g. Suppose -2*v - g*v = -80. What are the prime factors of v?
2
List the prime factors of -1*(-1 - -7)*50154/(-52).
3, 643
What are the prime factors of (-1757)/(-2) + 50/(-100)?
2, 439
Let p = -1713 - -2957. What are the prime factors of p?
2, 311
Let p(f) = -f + 6. Let c(x) = -1. Let h(i) = 18*c(i) + 2*p(i). Let a be h(-4). Suppose -a*s + 0*s = -6. List the prime factors of s.
3
Suppose -3*h - h + 208 = 0. Let v = 13 - h. Let a = 70 + v. What are the prime factors of a?
31
Let q(n) = n - 2. Let p(m) = -3*m - 2. Let h be p(-2). Let g be q(h). Suppose 4*s = 34 - g. List the prime factors of s.
2
Suppose 0*g = 5*g + 5. List the prime factors of 350/21*g/2*-3.
5
Suppose q = -4*b + 29, 3*q + 4 = 5*b - 11. Let x(v) = v**3 - 5*v**2 - 4*v + 1. List the prime factors of x(b).
13
Let p(t) = 4*t**2 - 59*t - 1048. List the prime factors of p(-27).
3461
Let p be 2 + (-6)/2 - (0 + -116). Suppose -4*f - 166 = -3*c, 3*c + 3*f - 23 = p. What are the prime factors of c?
2, 5
Let v(u) = -u + 3. Let h be v(-2). Suppose h*b + 115 - 1008 = -2*i, 0 = -3*b - 5*i + 551. List the prime factors of b.
3, 59
Let l(n) = 3*n**2 + 5*n - 21. Suppose -2*a + 5*o + 11 = 0, -4*a + 5*o + 14 + 13 = 0. What are the prime factors of l(a)?
211
Let d be (-4)/(-8)*(2/1 + 2). Suppose 0 = -5*b - 3*r + 1248, 0 = -d*b - 3*r + 4*r + 497. What are the prime factors of b?
3, 83
Let o = 181 + -71. Suppose -o = -3*h + 2*m, m - 2*m + 125 = 3*h. List the prime factors of h.
2, 5
Suppose -32*w - 6117 = -33957. List the prime factors of w.
2, 3, 5, 29
Let h(p) = -31*p - 1099. List the prime factors of h(-81).
2, 353
Let a be 7*1/(-9) + 2/(-9). List the prime factors of (45/(-36))/(a/68).
5, 17
Suppose 9*x - 7*x = 3470. What are the prime factors of x?
5, 347
Suppose 43 = 3*f + 7. Let y(d) be the third derivative of -d**5/60 + 13*d**4/24 + 7*d**3/6 + d**2. List the prime factors of y(f).
19
Let z = -2574 - -5808. What are the prime factors of z?
2, 3, 7, 11
Let v be (50/20)/((-5)/(-4)). What are the prime factors of 1/v*(411 + (-8 - -3))?
7, 29
Let h = -53 - -58. Suppose -h*m = -597 + 127. What are the prime factors of m?
2, 47
List the prime factors of (16 - 9)/(0 + -1)*-57.
3, 7, 19
Suppose -9*z + 522 = -5*z - 5*h, 5*h + 10 = 0. Let n be (-1 - -1)*(-6)/6. Suppose -4*m - 3*r + z = -n*r, 0 = -m - 3*r + 23. What are the prime factors of m?
5, 7
Let w(i) = 38*i**2 + 2*i - 3. Let y be w(2). Let b = y - 86. List the prime factors of b.
67
Suppose l = 14 - 87. Let p = l - -166. Suppose -5*s + p = -3*v, 2*s + 2*v = s + 29. What are the prime factors of s?
3, 7
Suppose 0 = 2*m - 8 - 0. Suppose m*r - 560 = 4*d, 0 = -4*r - d - d + 536. What are the prime factors of r?
2, 17
Let l(y) = -3*y**2 - 5*y - 43. Let m(o) = -2*o**2 - 4*o - 42. Let f(n) = 4*l(n) - 5*m(n). What are the prime factors of f(0)?
2, 19
Let j be -3 + 69 + (-15)/(-5). Let d = j + 20. List the prime factors of d.
89
List the prime factors of (-16)/(-72)*9 + 40.
2, 3, 7
Let j(g) be the first derivative of -52*g**2 + g - 1. List the prime factors of j(-1).
3, 5, 7
Let r be -10 - (5 + (-150)/10). Suppose -3*v + 5*w + 0*w + 59 = 0, -13 = -v - 5*w. Suppose -x + v + 9 = r. List the prime factors of x.
3
Let o(z) = -4*z**2 - 19*z + 22. Let g be o(12). What are the prime factors of g/(-6) + 10/(-30)?
2, 5, 13
Let y(w) = -w**2 - 5*w + 221. Let f be y(0). Let l = f + -98. List the prime factors of l.
3, 41
Let z be (-4)/(-20) - (14/(-5) - -1). Suppose 5*l - 8 = -3, -z*d - 5*l + 47 = 0. List the prime factors of d.
3, 7
Suppose 0*y - 2*y + 52 = -5*h, -3*h = -y + 32. Let l be (h/16)/3*-8. Suppose 3*u = l*z - 53, 0 = -4*z + 3*z + u + 27. What are the prime factors of z?
2, 7
Let o = 5 - -268. List the prime factors of o.
3, 7, 13
Suppose -3*q + 80 = -13. Suppose -3*d = -q - 23. Suppose -4*c + 26 = -d. List the prime factors of c.
11
Let d(m) = -14*m - 128. List the prime factors of d(-44).
2, 61
Suppose 0 = -6*a + 12 + 6. Suppose -21 = -a*w + 2*w. What are the prime factors of w?
3, 7
Suppose 61*l = 68*l - 6881. List the prime factors of l.
983
Let i be (3 + (-12)/(-8))*30. Suppose 3*p = -t + 248, 3*p - 5*t - 137 = i. What are the prime factors of p?
2, 3, 7
Let z(j) = j**3 + 3*j**2 - 4*j + 3. Let g be z(-4). Let w = -42 + 42. Suppose -3*k + 5*q + 43 = w, 2*k - 2*q = -g*q + 46. What are the prime factors of k?
3, 7
Let w(l) = -l**3 - l**2 - l + 21. Let j be 3/(-5) - (-144)/40. Suppose 0 = -0*h + j*h. What are the prime factors of w(h)?
3, 7
Suppose 2*o = 563 + 487. List the prime factors of o.
3, 5, 7
Let u = -1 + 9. Suppose 11*v - u*v - 237 = 0. What are the prime factors of v?
79
Let x = -5753 - -8526. List the prime factors of x.
47, 59
Let m be 3 + 2/(4 - 2). Suppose 2*o - 84 = m*s, 3*o = -4*s + s + 144. List the prime factors of o.
2, 23
Let s(t) = t**3 + 5*t**2 + t + 4. Let v be s(-4). Let b = -10 + v. Suppose -r + 24 - b = 0. What are the prime factors of r?
2, 3
Suppose p + 2 - 23 = 0. Let b be (-9)/p + (-48)/(-14). Suppose 9 = -b*w + 48. What are the prime factors of w?
13
Suppose -3*p + 442 = 2*x + 141, 4*x = p + 595. List the prime factors of x.
149
Let n be ((-18)/15)/(2/(-5)). List the prime factors of -4 + (-189)/6*(-2)/n.
17
Let i(m) = 99*m**3 - m**2 - m + 1. Let a be i(1). Let y = 132 + a. List the prime factors of y.
2, 5, 23
Suppose 0 = 15*j - 20*j. Suppose -27*l + 26*l + 43 = j. What are the prime factors of l?
43
Suppose 14*v + 235 = 19*v. Let c be ((-36)/(-30))/((-4)/10). Let b = v + c. List the prime factors of b.
2, 11
Suppose -2*b + 4 + 2 = 2*f, -5*f = -4*b - 33. Suppose -f*r = -r - 304. What are the prime fa